 is the highest common factor of 110 and r?
22
Let h be (42432/952)/(-1*1 - (-9)/7). What is the greatest common factor of h and 60?
12
Suppose 0 = -3*v + j + 22, 0 = 4*v + 3*j - 20 + 8. Let x be 12/3*(6/2 + -1). Let m be 4/x*-6 + 54/3. What is the greatest common divisor of v and m?
3
Let w(l) be the first derivative of -8*l + 1/4*l**4 + l**2 + 34 + 10/3*l**3. Let b be w(-4). Calculate the highest common factor of b and 20.
20
Suppose -4*w = -5*j - 436 - 299, 4*w - 732 = 4*j. Calculate the greatest common factor of w and 585.
45
Let v = 10036 + -10020. What is the greatest common factor of 532 and v?
4
Let x be 1*(-15)/5 - -3. Suppose -3*l = u - 10, x = u - 0 + 2. Let o be -6*(-1*l - 42/(-18)). What is the highest common factor of o and 30?
10
Let n = 0 - -7. Let k be (4/10)/(-4 - (-122)/30). Let u = n + k. What is the highest common divisor of 143 and u?
13
Let n = 140 - -576. Suppose 2*k = -3*t + n, k + 1202 = 3*t + 2*t. What is the greatest common divisor of t and 48?
48
Let h(w) = -19*w - 30. Let p be h(-6). Let u = -17 - -20. Suppose 2*c - 2*a - 110 = 0, -u*c + 10*a - 5*a = -163. What is the highest common divisor of c and p?
28
Suppose 20*s = 16*s + 5*t + 51, 5*s - 73 = -3*t. Let v(m) = -m**3 + 6*m**2 - 5*m - 4. Let u be v(4). Calculate the greatest common factor of u and s.
2
Let w = 46 + -37. Let l be 2*10/w - 2/9. Suppose 5*s + 140 = 4*u + u, l*s = -4*u + 112. What is the greatest common divisor of u and 7?
7
Let b be 6 + (-60)/6 - (-16 - 0). Suppose 4*h = b, 0 = 5*a - 2*a - 3*h - 96. Suppose 4*x = 2*x + 70. What is the greatest common divisor of a and x?
35
Let o(g) = 4*g**3 + 35*g**2 + 58*g - 8. Let t be o(-6). What is the greatest common divisor of 850 and t?
10
Suppose 0 = -341*s + 3498 - 429. Suppose 4*h = -3*z + 74, -2*z - 43 = -3*z - 5*h. Calculate the greatest common divisor of z and s.
9
Let d = 4330 - 4064. Calculate the greatest common factor of 608 and d.
38
Let k(l) = -l**3 - 7*l**2 - 11*l + 1. Let i be k(-5). Suppose 22*u + 528 = 30*u. Calculate the greatest common factor of u and i.
6
Let l(u) = -u**2 - 44*u + 483. Let o be l(-53). Calculate the greatest common divisor of 678 and o.
6
Suppose a + u - 47 = 0, 4*a + 117 - 320 = u. What is the greatest common factor of 2950 and a?
50
Let b = 11236 + -7299. What is the greatest common factor of b and 254?
127
Let x be 2135/63*-21*-9. What is the highest common factor of 105 and x?
105
Let t(b) = 90*b + 2753. Let w be t(-30). What is the highest common factor of w and 583?
53
Let q be ((-96)/20 - -5)*(-2)/(22/(-495)). What is the highest common divisor of 11547 and q?
9
Let m be 1136/6 - (30/9 - 3). Let r = 33 + -31. Let g be ((-12)/18)/(r/(-63)). What is the highest common divisor of m and g?
21
Let r = -638 + 660. Calculate the highest common factor of r and 1683.
11
Let o(x) = -5*x - 87 + 372 - 168. Let k be o(20). Calculate the greatest common factor of 1 and k.
1
Suppose 0 = -16*r + 14*r + 126. Let c = 93 - r. Let a(t) = 7*t + 1. Let z be a(2). What is the greatest common factor of c and z?
15
Let q be (-774)/(-27)*(-9)/2. Let c = q - -133. Calculate the highest common factor of c and 52.
4
Let x(d) = 2*d**2 + 6*d - 5. Let q be x(-5). Suppose 3*j = -y + 352, -440 = -0*j - 4*j - 5*y. Calculate the highest common factor of j and q.
15
Let l(c) = -16 - 21 - 3*c + 8*c - c. Let q be l(18). Suppose -q*p - 288 = -41*p. What is the highest common divisor of 12 and p?
12
Let i be 4/16*(-164)/(-2)*2. Suppose 43*a = i*a + 162. Let o = 7 + 2. Calculate the highest common factor of o and a.
9
Suppose 41835 = 11*p + 39591. Calculate the greatest common divisor of 493 and p.
17
Suppose -13*u + 1296 = -25*u. Let f = u + 120. What is the highest common factor of f and 16?
4
Let v(m) = m + 11. Let c = 3 - 3. Let p be v(c). Let z(q) = q**3 + 23*q**2 + 30*q + 187. Let s be z(-22). Calculate the highest common factor of p and s.
11
Suppose 648 = -13*j + 18874. Let t = j + -946. Calculate the highest common factor of t and 24.
24
Suppose 2*t = -1 + 43. Suppose 4*r + 1014 = 2*f, 7*r + 522 = f + 2*r. Suppose -301 - f = -19*h. What is the highest common divisor of t and h?
21
Let k(a) = a**2 - 11*a - 50. Let b be k(-5). Calculate the greatest common divisor of b and 1260.
30
Suppose -11*f = 3*f. Suppose -1619*z + 1614*z + 120 = f. What is the greatest common divisor of z and 102?
6
Let z = 278 + -282. Let t be (z + (-32 - -6))/(-1). Calculate the highest common factor of 80 and t.
10
Let n = -1701 + 1709. What is the highest common factor of 54 and n?
2
Suppose -840 = -4*c + 5*t, 16*c - 15*c - 210 = -4*t. Let d(k) = k - 10 + 20 + 20 - 9. Let l be d(0). Calculate the highest common divisor of l and c.
21
Let n = 1914 + -1882. Calculate the greatest common factor of n and 104.
8
Let l be 0/(25*(-4)/(-20)). Suppose -3*h - 154 = -2*v, 4*v - h - 318 = -l*v. What is the greatest common factor of v and 120?
40
Suppose 27 = -16*s + 155. Suppose -3*b - 165 = -s*b. Calculate the greatest common factor of 231 and b.
33
Let f = 18695 + -18549. What is the highest common divisor of f and 2?
2
Suppose 5*x = -4*z + 56787, -x + z + 432 = -10929. What is the highest common divisor of 37 and x?
37
Let i = -16487 - -36762. What is the highest common factor of 25 and i?
25
Suppose 115*n - 112*n = 660. Calculate the highest common divisor of 6996 and n.
44
Suppose z - 22 = 5*h, 3*z - 12 = 2*h + 2. Suppose z*f - 32 = -7*v + 6*v, -2*f + 8 = -5*v. What is the highest common divisor of 133 and f?
7
Suppose 1020 = -9*c - 2490. Let f be -1 + (-11)/(110/c). Let q = 39 - 20. What is the greatest common factor of f and q?
19
Suppose m - 128 = -5*c + 371, 0 = -5*c - 2*m + 503. What is the greatest common factor of 1650 and c?
33
Let i(s) = s**3 - 9*s**2 - 16*s - 28. Let a be i(11). Suppose a*o = 44*o - 36. Let r = -6 + 48. Calculate the highest common divisor of o and r.
6
Let q = 73 - 35. Suppose -2*y + 5*n = -395, -4*y + 2*n + 249 = -517. What is the highest common factor of q and y?
38
Let a(g) = g**3 + 4*g**2 - 8*g - 6. Let x be a(-5). Suppose x*u - 758 - 862 = 0. Suppose -5*p = -u + 80. Calculate the greatest common factor of 8 and p.
4
Let v = -9443 - -9873. Calculate the highest common factor of 18 and v.
2
Let c be 3*(95/3 + (-57 - -56)). Calculate the highest common divisor of 345 and c.
23
Suppose -4*o - 3*w + 0*w + 2418 = 0, -5*o + 4*w = -2976. Let x be (-12)/(((-12)/15)/2). Calculate the highest common factor of o and x.
30
Suppose -2*k - 126 = -3*u + 131, 4*k = u - 89. Suppose 17*m = 12*m + u. Suppose a + m = 2*a. What is the greatest common divisor of 187 and a?
17
Let o(d) = -2*d + 115. Let i be o(22). Let q = i + -54. What is the highest common factor of 85 and q?
17
Suppose 5*q = -v - 77 - 168, 0 = v - 3*q + 205. Let a = 259 + v. Calculate the greatest common factor of a and 312.
39
Let b be (28/(-5))/(4/(-10)). Suppose 0 = 5*t + 1 - 11. Let j be 3/(-6) + 29/t. What is the highest common divisor of b and j?
14
Suppose -a + 22907 = f, 73*f + 2*a + 68736 = 76*f. Calculate the greatest common divisor of 158 and f.
158
Let t = 86 - 102. Let r be ((-3094)/39)/(2 + t/6). What is the greatest common divisor of r and 34?
17
Let b(k) = -90*k. Let y be b(-8). Let u = -9266 + 9311. Calculate the highest common divisor of u and y.
45
Let k = -278 - -293. Let o be (1 - k/(-3))*20/15. Calculate the highest common divisor of o and 1.
1
Let f = 117 + -107. Suppose -11*g = -f*g - 52. What is the highest common divisor of g and 130?
26
Let m(p) = -p**2 - p - 3. Let j(k) = k**2 + 6*k + 2. Let d be j(-6). Let x be m(d). Let a be x/4*10/15*-4. What is the highest common divisor of a and 30?
6
Suppose 36*i - 257 = 1327. What is the greatest common factor of 385 and i?
11
Suppose 3*f + z - 32 = 2*z, 2*z - 56 = -4*f. Suppose -3*g = -1 - 2. Let y be g/(1/193) - 1. Calculate the highest common factor of f and y.
12
Suppose 4*l + 103 = 3*s, 28*s - 25*s - 96 = -3*l. What is the greatest common factor of s and 36?
3
Let x be (-576)/(-20)*(-30)/(-9). Suppose 10*v = 8*v + x. Suppose 4*k - 866 = a, 3*k = 4*a - v + 704. Calculate the greatest common factor of 27 and k.
27
Let p be (-10)/(-3)*72/20. Let y be 1 + 2206/8 + 36/(-48). What is the highest common factor of y and p?
12
Let o be (-1 - 0/(-3)) + -2 + -32 + 2050. What is the gre